{"id":1278,"date":"2021-01-31T11:29:15","date_gmt":"2021-01-31T10:29:15","guid":{"rendered":"https:\/\/sterilav.com\/?post_type=product&#038;p=1278"},"modified":"2024-11-16T11:33:33","modified_gmt":"2024-11-16T10:33:33","slug":"appareil-desinfection-aerien","status":"publish","type":"product","link":"https:\/\/sterilav.com\/index.php\/produit\/appareil-desinfection-aerien\/","title":{"rendered":"Appareil d\u00e9sinfection a\u00e9rien"},"content":{"rendered":"<h1 class=\"product_title entry-title\">machine de brumisateur \u00e0 froid portable \u00e9lectrique ULV &#8211; MiniULV<\/h1>\n<table class=\"woocommerce-product-attributes shop_attributes\">\n<tbody>\n<tr class=\"woocommerce-product-attributes-item woocommerce-product-attributes-item--attribute_pa_engine\">\n<th class=\"woocommerce-product-attributes-item__label\">Moteur<\/th>\n<td class=\"woocommerce-product-attributes-item__value\">\u00c9lectrique<\/td>\n<\/tr>\n<tr class=\"woocommerce-product-attributes-item woocommerce-product-attributes-item--attribute_rated-voltage\">\n<th class=\"woocommerce-product-attributes-item__label\">Tension nominale<\/th>\n<td class=\"woocommerce-product-attributes-item__value\">220 \/ 240V AC &#8211; 50\/60 Hz.<\/td>\n<\/tr>\n<tr class=\"woocommerce-product-attributes-item woocommerce-product-attributes-item--attribute_rated-current\">\n<th class=\"woocommerce-product-attributes-item__label\">Courant \u00e9valu\u00e9<\/th>\n<td class=\"woocommerce-product-attributes-item__value\">2000 W.<\/td>\n<\/tr>\n<tr class=\"woocommerce-product-attributes-item woocommerce-product-attributes-item--attribute_pa_nozzle\">\n<th class=\"woocommerce-product-attributes-item__label\">Buse<\/th>\n<td class=\"woocommerce-product-attributes-item__value\">1 buse ULV<\/td>\n<\/tr>\n<tr class=\"woocommerce-product-attributes-item woocommerce-product-attributes-item--attribute_pa_tank\">\n<th class=\"woocommerce-product-attributes-item__label\">R\u00e9servoir<\/th>\n<td class=\"woocommerce-product-attributes-item__value\">5 litres (poly\u00e9thyl\u00e8ne)<\/td>\n<\/tr>\n<tr class=\"woocommerce-product-attributes-item woocommerce-product-attributes-item--attribute_pa_formulation-consumption\">\n<th class=\"woocommerce-product-attributes-item__label\">Consommation de formulation<\/th>\n<td class=\"woocommerce-product-attributes-item__value\">0 \u00e0 350 ML.\u00a0\/ Min.\u00a0(D\u00e9bit r\u00e9glable)<\/td>\n<\/tr>\n<tr class=\"woocommerce-product-attributes-item woocommerce-product-attributes-item--attribute_droplet-size\">\n<th class=\"woocommerce-product-attributes-item__label\">Taille des gouttelettes<\/th>\n<td class=\"woocommerce-product-attributes-item__value\">20\u00b5m &#8211; 50\u00b5m (r\u00e9glable avec d\u00e9bit)<\/td>\n<\/tr>\n<tr class=\"woocommerce-product-attributes-item woocommerce-product-attributes-item--attribute_control\">\n<th class=\"woocommerce-product-attributes-item__label\">Contr\u00f4le<\/th>\n<td class=\"woocommerce-product-attributes-item__value\">Vanne manuelle<\/td>\n<\/tr>\n<tr class=\"woocommerce-product-attributes-item woocommerce-product-attributes-item--attribute_cord-length\">\n<th class=\"woocommerce-product-attributes-item__label\">Longueur de la corde<\/th>\n<td class=\"woocommerce-product-attributes-item__value\">3 Mt.<\/td>\n<\/tr>\n<tr class=\"woocommerce-product-attributes-item woocommerce-product-attributes-item--attribute_weight\">\n<th class=\"woocommerce-product-attributes-item__label\">Poids<\/th>\n<td class=\"woocommerce-product-attributes-item__value\">6 Kg.<\/td>\n<\/tr>\n<tr class=\"woocommerce-product-attributes-item woocommerce-product-attributes-item--attribute_dimensions\">\n<th class=\"woocommerce-product-attributes-item__label\">Dimensions<\/th>\n<td class=\"woocommerce-product-attributes-item__value\">45 cm x 12 cm x 40 cm (L x P x H)<\/td>\n<\/tr>\n<\/tbody>\n<\/table>\n","protected":false},"excerpt":{"rendered":"<p>machine de brumisateur \u00e0 froid portable \u00e9lectrique ULV &#8211; MiniULV Moteur \u00c9lectrique Tension nominale 220 \/ 240V AC &#8211; 50\/60 Hz. Courant \u00e9valu\u00e9 2000 W. Buse 1 buse ULV R\u00e9servoir 5 litres (poly\u00e9thyl\u00e8ne) Consommation de formulation 0 \u00e0 350 ML.\u00a0\/ Min.\u00a0(D\u00e9bit r\u00e9glable) Taille des gouttelettes 20\u00b5m &#8211; 50\u00b5m (r\u00e9glable avec d\u00e9bit) Contr\u00f4le Vanne manuelle Longueur [&hellip;]<\/p>\n","protected":false},"featured_media":1280,"template":"","meta":{"_monsterinsights_skip_tracking":false,"_monsterinsights_sitenote_active":false,"_monsterinsights_sitenote_note":"","_monsterinsights_sitenote_category":0,"spay_email":""},"class_list":["post-1278","product","type-product","status-publish","has-post-thumbnail","hentry","product_cat-desinfection-aerien","product_cat-desinfection-de-surface","product_cat-industrie","product_cat-produit-sante"],"_links":{"self":[{"href":"https:\/\/sterilav.com\/index.php\/wp-json\/wp\/v2\/product\/1278","targetHints":{"allow":["GET"]}}],"collection":[{"href":"https:\/\/sterilav.com\/index.php\/wp-json\/wp\/v2\/product"}],"about":[{"href":"https:\/\/sterilav.com\/index.php\/wp-json\/wp\/v2\/types\/product"}],"wp:featuredmedia":[{"embeddable":true,"href":"https:\/\/sterilav.com\/index.php\/wp-json\/wp\/v2\/media\/1280"}],"wp:attachment":[{"href":"https:\/\/sterilav.com\/index.php\/wp-json\/wp\/v2\/media?parent=1278"}],"curies":[{"name":"wp","href":"https:\/\/api.w.org\/{rel}","templated":true}]}}