{"id":686,"date":"2019-11-16T16:54:49","date_gmt":"2019-11-16T15:54:49","guid":{"rendered":"https:\/\/sterilav.com\/?page_id=686"},"modified":"2022-10-10T11:29:59","modified_gmt":"2022-10-10T09:29:59","slug":"qui-somme-nous","status":"publish","type":"page","link":"https:\/\/sterilav.com\/index.php\/qui-somme-nous\/","title":{"rendered":"Qui somme nous ?"},"content":{"rendered":"\n<p style=\"font-size:50px\" class=\"has-text-align-center\"><strong>Commerce<\/strong><\/p>\n\n\n\n<p> STERILAV Sp\u00e9cialistes dans la vente de mat\u00e9riels et consommables aupr\u00e8s des cabinets m\u00e9dicaux et dentaires, nous s\u00e9lectionnons les meilleures r\u00e9f\u00e9rences de nos partenaires fabricants et laboratoires de renomm\u00e9e internationale .<\/p>\n\n\n\n<p> Nos produits mat\u00e9riels m\u00e9dical , usage unique m\u00e9dical sont destin\u00e9s aux professionnels de sant\u00e9 : cabinets m\u00e9dicaux et dentaires, kin\u00e9sith\u00e9rapeutes, cabinets infirmiers\u2026..ainsi qu&#8217;aux particuliers.<\/p>\n\n\n\n<p> Pour r\u00e9pondre rapidement aux demandes sur tout le territoire Tunisienne. Nous assurons avec soin une livraison dans les 48\/72 heures.<br>Vous recevez une information r\u00e9guli\u00e8re du suivi de vos commandes par e mail.<\/p>\n\n\n\n<p>REPONDRE A L EXIGENCE PROFESSIONNELLE : NOTRE FORCE<br>Notre \u00e9quipe est \u00e0 votre \u00e9coute pour traiter efficacement vos commandes et apporter des solutions \u00e0 vos interrogations.<br><\/p>\n\n\n\n<p style=\"font-size:50px\" class=\"has-text-align-center\"><strong>Service<\/strong><\/p>\n\n\n\n<p class=\"has-text-align-justify\">STERILAV, service de d\u00e9ratisation d\u00e9sinsectisation d\u00e9sinfection&nbsp;en Tunisie et pour vos nettoyages de bureaux et locaux professionnels. Notre entreprise offre des prestations de  de haute qualit\u00e9 dans le cadre de l\u2019entretien de bureaux et  des locaux commerciaux. <strong>STERILAV<\/strong>&nbsp;met son exp\u00e9rience au profit de nettoyage professionnel innovant par ses techniques et ses agents d\u2019entretien qualifi\u00e9s. La propret\u00e9 de vos locaux est notre mission premi\u00e8re et nous mettons tout en \u0153uvre pour que votre satisfaction soit totale.<\/p>\n\n\n\n<div class=\"wp-block-image\"><figure class=\"aligncenter\"><img decoding=\"async\" src=\"https:\/\/rhcompany.be\/wp-content\/uploads\/2019\/05\/nettoyage-de-bureau-495x400.jpg\" alt=\"Besoin de nos services pour le nettoyage de bureaux ?\"\/><\/figure><\/div>\n\n\n\n<h3 class=\"wp-block-heading\"><strong>Qui sont les clients STERILAV&nbsp;?<\/strong><\/h3>\n\n\n\n<ul class=\"wp-block-list\"><li><strong>H\u00f4pitaux, Cliniques;<\/strong><\/li><li><strong>Entreprises&nbsp;;<\/strong><\/li><li><strong>Administrations&nbsp;;<\/strong><\/li><li><strong>Banques&nbsp;;<\/strong><\/li><li><strong>Assurances&nbsp;;<\/strong><\/li><li><strong>Cabinets d\u2019avocats, notaires, experts, etc\u2026<\/strong><\/li><\/ul>\n\n\n\n<ul class=\"wp-block-list\"><li><strong>Ambassades &amp; missions&nbsp;;<\/strong><\/li><li><strong>Institutions&nbsp;;<\/strong><\/li><li><strong>Commerces&nbsp;;<\/strong><\/li><li><strong>H\u00f4tels&nbsp;;<\/strong><\/li><li><strong>Espaces publics<\/strong><\/li><\/ul>\n\n\n\n<p>Nos clients sont d\u00e9j\u00e0 nombreux \u00e0 nous avoir fait confiance et \u00e0 \u00eatre satisfait de tous nos travaux de nettoyage d\u00e9sinfection<strong>. <\/strong>STERILAV&nbsp;offre des solutions de nettoyage et d\u2019entretien adapt\u00e9es \u00e0 chacun de ses clients en fonction de leurs besoins et de leurs exigences.<\/p>\n\n\n\n<h3 class=\"wp-block-heading\"><strong>STERILAV pour l\u2019entretien de tous vos espaces et de tous vos locaux professionnels<\/strong><\/h3>\n\n\n\n<p class=\"has-text-align-justify\">STERILAV&nbsp;est l\u2019entreprise de nettoyage de bureaux qui se charge de tous travaux de nettoyage partout au sein de votre environnement de travail. Vos locaux professionnels brilleront du sol au plafond et le cahier des charges que nous \u00e9tablissons avec vous selon vos besoins est respect\u00e9 \u00e0 la lettre. Notre personnel d\u2019entretien vous fera b\u00e9n\u00e9ficier d\u2019une exp\u00e9rience et de techniques de pointe de nettoyage pour tous vos locaux et espaces.<\/p>\n\n\n\n<ul class=\"wp-block-list\"><li><strong>Halls d\u2019entr\u00e9e et accueil&nbsp;;<\/strong><\/li><li><strong>Salles de r\u00e9union ;<\/strong><\/li><li><strong>Salles de r\u00e9ception ;<\/strong><\/li><li><strong>Bureaux ;<\/strong><\/li><li><strong>Sanitaires ;<\/strong><\/li><li><strong>Parties communes ;<\/strong><\/li><\/ul>\n\n\n\n<ul class=\"wp-block-list\"><li><strong>Cages d\u2019escaliers&nbsp;;<\/strong><\/li><li><strong>Ascenseurs&nbsp;;<\/strong><\/li><li><strong>Parkings&nbsp;;<\/strong><\/li><li><strong>R\u00e9fectoires et cuisines&nbsp;;<\/strong><\/li><li><strong>Installations sanitaires et douches<\/strong><\/li><\/ul>\n\n\n\n<h3 class=\"wp-block-heading\"><strong>STERILAV, la soci\u00e9t\u00e9 en entretien et nettoyage de bureaux, locaux, surfaces qui se soucie de l\u2019image de marque de votre entreprise<\/strong><\/h3>\n\n\n\n<p class=\"has-text-align-justify\">La propret\u00e9 des locaux d\u2019une entreprise contribue fortement \u00e0 une bonne image de marque. En effet, la propret\u00e9 au sein de l\u2019entreprise se remarque imm\u00e9diatement par tous les visiteurs et collaborateurs et sont tr\u00e8s appr\u00e9ciables. Les collaborateurs d\u2019une soci\u00e9t\u00e9 appr\u00e9cient sans aucun doute de pouvoir \u00e9voluer dans un lieu de travail propre et hygi\u00e9nique rendant leur travail agr\u00e9able et par cons\u00e9quent, ayant un impact favorable sur la productivit\u00e9.<\/p>\n\n\n\n<p class=\"has-text-align-justify\">Etant donn\u00e9 que chaque secteur d\u2019activit\u00e9 et ses locaux sont diff\u00e9rents, nous mettons en place une organisation rigoureuse et une planification pour apporter \u00e0 nos clients des services personnalis\u00e9s et un travail soign\u00e9.<\/p>\n\n\n\n<div class=\"wp-block-image\"><figure class=\"aligncenter\"><img decoding=\"async\" src=\"https:\/\/rhcompany.be\/wp-content\/uploads\/2019\/05\/nettoyage-de-locaux-entreprise-1210x423.jpg\" alt=\"Nettoyage de locaux entreprise\"\/><\/figure><\/div>\n\n\n\n<h3 class=\"wp-block-heading\"><strong>Pour des prestations de nettoyage de qualit\u00e9 et une totale satisfaction du client, STERILAV met en \u0153uvre un processus optimal.<\/strong><\/h3>\n\n\n\n<p class=\"has-text-align-justify\">Afin d\u2019obtenir des r\u00e9sultats optimaux en mati\u00e8re de performance de notre personnel et de satisfaction de nos clients, nous ne laissons rien au hasard et pour ce faire, nous proc\u00e9dons sur base de certains facteurs essentiels \u00e0 la bonne marche de notre soci\u00e9t\u00e9 comme ceci&nbsp;:<\/p>\n\n\n\n<ul class=\"wp-block-list\"><li><strong>Un planning de prestations adapt\u00e9 ;<\/strong><\/li><li><strong>Une grande flexibilit\u00e9 de nos \u00e9quipes ;<\/strong><\/li><li><strong>Des collaborateurs exp\u00e9riment\u00e9s, fiables et comp\u00e9tents ;<\/strong><\/li><li><strong>L\u2019encadrement de nos agents d\u2019entretien ;<\/strong><\/li><\/ul>\n\n\n\n<ul class=\"wp-block-list\"><li><strong>Des contr\u00f4les permanents en terme de qualit\u00e9 ;<\/strong><\/li><li><strong>Des techniques professionnelles de nettoyage ;<\/strong><\/li><li><strong>Pas de perte de temps ;<\/strong><\/li><li><strong>Des r\u00e9sultats optimaux de propret\u00e9.<\/strong><\/li><\/ul>\n\n\n\n<p class=\"has-text-align-justify\">Des m\u00e9thodes sp\u00e9cialis\u00e9es pour chaque type de prestation de nettoyage et entretien sont appliqu\u00e9es afin de r\u00e9pondre \u00e0 tous vos besoins.<\/p>\n\n\n\n<p class=\"has-text-align-justify\"><strong>STERILAV et ses \u00e9quipes de professionnels au service du nettoyage de bureau, ce sont des actions et de la proactivit\u00e9 afin de rendre toutes vos surfaces et espaces impeccables<\/strong><\/p>\n\n\n\n<p class=\"has-text-align-justify\">Des travaux m\u00e9nagers peuvent sembler basiques et simples \u00e0 effectuer. Ils n\u2019en demeurent pas moins plus complexes si on veut un r\u00e9sultat optimal en qualit\u00e9 \u00e0 tous niveaux. Pas de perte de temps et cela sans l\u00e9siner sur des prestations compl\u00e8tes et ex\u00e9cut\u00e9es de mani\u00e8re tr\u00e8s professionnelle. C\u2019est pourquoi&nbsp;STERILAV&nbsp;s\u2019est entour\u00e9 d\u2019un personnel exp\u00e9riment\u00e9, professionnel et motiv\u00e9 dont le s\u00e9rieux est \u00e9galement fort appr\u00e9ci\u00e9 dans le domaine du nettoyage.<\/p>\n\n\n\n<p class=\"has-text-align-justify\">Voici un petit aper\u00e7u des services apport\u00e9s lors du nettoyage de vos bureaux et espaces&nbsp;:<\/p>\n\n\n\n<ul class=\"wp-block-list\"><li><strong>D\u00e9poussi\u00e9rage mobilier ;<\/strong><\/li><li><strong>Aspiration des sols, stores et autres ;<\/strong><\/li><li><strong>Balayage ;<\/strong><\/li><li><strong>Lavage de vitres ;<\/strong><\/li><li><strong>Entretien surfaces vitr\u00e9es ;<\/strong><\/li><li><strong>Nettoyage et d\u00e9sinfection des sanitaires ;<\/strong><\/li><li><strong>Lavage des sols ;<\/strong><\/li><\/ul>\n\n\n\n<ul class=\"wp-block-list\"><li><strong>Vidage poubelles et \u00e9vacuation ;<\/strong><\/li><li><strong>Nettoyage de moquettes ;<\/strong><\/li><li><strong>D\u00e9graissage ;<\/strong><\/li><li><strong>Entretien r\u00e9gulier des toilettes ;<\/strong><\/li><li><strong>Remise en \u00e9tat apr\u00e8s travaux ;<\/strong><\/li><li><strong>Nettoyage complet ;<\/strong><\/li><li><strong>Et bien d\u2019autres prestations de nettoyage selon les besoins.<\/strong><\/li><\/ul>\n\n\n\n<p class=\"has-text-align-justify\">Notre chef d\u2019\u00e9quipe proc\u00e8de \u00e0 un contr\u00f4le qualit\u00e9 ponctuel afin de r\u00e9pondre compl\u00e8tement aux attentes de nos clients. Cette d\u00e9marche qualit\u00e9 vise \u00e0 apporter une totale satisfaction \u00e0 nos clients et \u00e0 poursuivre nos missions en confiance et en suivant notre charte de qualit\u00e9.<\/p>\n\n\n\n<h3 class=\"wp-block-heading\"><strong>STERILAV, l\u2019entreprise de nettoyage d\u00e9sinfection de bureaux qui \u0153uvre dans le respect de l\u2019environnement<\/strong><\/h3>\n\n\n\n<p class=\"has-text-align-justify\">Un nettoyage d\u00e9sinfection \u00e9cologique a des cons\u00e9quences b\u00e9n\u00e9fiques pour plusieurs raisons. Il est respectueux de l\u2019environnement et surtout, il contribue \u00e0 des espaces de travail sains respectant la sant\u00e9 de tous. Nous utilisons des produits adapt\u00e9s pour chaque genre de prestation qui sont des produits \u00e9cologiques. Nous nous effor\u00e7ons \u00e9galement de veiller \u00e0 une r\u00e9duction des d\u00e9chets et \u00e0 nous \u00e9quiper de fournitures conformes \u00e0 l\u2019id\u00e9ologie \u00e9cologique. De ce fait, tout le monde b\u00e9n\u00e9ficie d\u2019un milieu propre, sain et en phase avec le respect de l\u2019environnement.<\/p>\n\n\n\n<p class=\"has-text-align-justify\">Contactez&nbsp;STERILAV&nbsp;pour une analyse de vos besoins en nettoyage de bureaux et un&nbsp;<strong>devis nettoyage d\u00e9sinfection clair et d\u00e9taill\u00e9<\/strong>&nbsp;que nous vous transmettrons gratuitement. Nous pourrons discuter de vos souhaits, d\u2019un planning et vous apporter des conseils personnalis\u00e9s en terme d\u2019organisation en entretien et autres. Nos collaborateurs sont \u00e0 votre disposition pour r\u00e9pondre \u00e0 toutes vos questions \u00e9ventuelles et \u00e0 vous rencontrer \u00e0 votre meilleure convenance.<\/p>\n\n\n\n<h4 class=\"wp-block-heading\"><strong>STERILAV, votre satisfaction est au premier plan et offre des prestations de nettoyage de haute qualit\u00e9 effectu\u00e9es dans les r\u00e8gles de l\u2019art.<\/strong><\/h4>\n","protected":false},"excerpt":{"rendered":"<p>Commerce STERILAV Sp\u00e9cialistes dans la vente de mat\u00e9riels et consommables aupr\u00e8s des cabinets m\u00e9dicaux et dentaires, nous s\u00e9lectionnons les meilleures r\u00e9f\u00e9rences de nos partenaires fabricants et laboratoires de renomm\u00e9e internationale . Nos produits mat\u00e9riels m\u00e9dical , usage unique m\u00e9dical sont destin\u00e9s aux professionnels de sant\u00e9 : cabinets m\u00e9dicaux et dentaires, kin\u00e9sith\u00e9rapeutes, cabinets infirmiers\u2026..ainsi qu&#8217;aux particuliers. [&hellip;]<\/p>\n","protected":false},"author":1,"featured_media":0,"parent":0,"menu_order":0,"comment_status":"closed","ping_status":"closed","template":"","meta":{"_monsterinsights_skip_tracking":false,"_monsterinsights_sitenote_active":false,"_monsterinsights_sitenote_note":"","_monsterinsights_sitenote_category":0,"spay_email":"","footnotes":""},"class_list":["post-686","page","type-page","status-publish","hentry"],"_links":{"self":[{"href":"https:\/\/sterilav.com\/index.php\/wp-json\/wp\/v2\/pages\/686","targetHints":{"allow":["GET"]}}],"collection":[{"href":"https:\/\/sterilav.com\/index.php\/wp-json\/wp\/v2\/pages"}],"about":[{"href":"https:\/\/sterilav.com\/index.php\/wp-json\/wp\/v2\/types\/page"}],"author":[{"embeddable":true,"href":"https:\/\/sterilav.com\/index.php\/wp-json\/wp\/v2\/users\/1"}],"replies":[{"embeddable":true,"href":"https:\/\/sterilav.com\/index.php\/wp-json\/wp\/v2\/comments?post=686"}],"version-history":[{"count":6,"href":"https:\/\/sterilav.com\/index.php\/wp-json\/wp\/v2\/pages\/686\/revisions"}],"predecessor-version":[{"id":1328,"href":"https:\/\/sterilav.com\/index.php\/wp-json\/wp\/v2\/pages\/686\/revisions\/1328"}],"wp:attachment":[{"href":"https:\/\/sterilav.com\/index.php\/wp-json\/wp\/v2\/media?parent=686"}],"curies":[{"name":"wp","href":"https:\/\/api.w.org\/{rel}","templated":true}]}}